 the tens digit of f(-4)?
6
Let j(s) = s + 15. Let g be (-2)/(-6) + 62/(-6). Let l be -2 - 0 - (-90)/g. What is the units digit of j(l)?
4
Let j(p) = p - 2. Suppose -3 = -y + 4*y, 5*s + y - 19 = 0. Let k be j(s). Suppose -2*c + k*h + 64 = -3*h, -c + 50 = 2*h. What is the units digit of c?
2
Suppose 26 = -k + 3*k + 4*c, 5 = c. Suppose -2*s - 3*f = 5, -5*s + 2 = -4*s - k*f. Let j(x) = -13*x**3 - x**2 + x + 1. What is the tens digit of j(s)?
1
Suppose -h + 4 = 9. Let v(c) = -c**3 - c**2 + 5*c + 1. What is the tens digit of v(h)?
7
Let n(u) = 11*u + 64. What is the hundreds digit of n(7)?
1
Suppose -3660 = -35*s + 29*s. What is the tens digit of s?
1
Let v = -1047 + 3837. What is the hundreds digit of v?
7
Let o(m) = -2*m**3 - 2*m**2 + 6*m + 3. Let v = 28 - 32. What is the tens digit of o(v)?
7
Let s(q) = 2*q - 12. Let f be s(6). Suppose 3*c = -4*m + 2*c + 170, f = 5*c - 10. What is the units digit of m?
2
Let w(t) = -7*t - 23. Let v be w(-21). Suppose k = -3*f + 80, 2*k - v = 5*f - 2*f. What is the units digit of k?
8
Suppose -n + 0*n = -5. Suppose 0 = -n*d + 55 - 0. Suppose -5*y + d = m, m + y = -2*m + 19. What is the units digit of m?
6
Let x(w) = -w**3 - 4*w**2 + 5*w + 2. Let t be x(-5). Suppose -t*z = 2*g + 10, 4*g - z + 7 = -8. What is the tens digit of g + 3 + 55 - 0?
5
Suppose 2*u + 957 = l - 566, -5*u + 4569 = 3*l. What is the tens digit of l?
2
Let y(p) = p**3 - 9*p**2 + 8*p + 10. Let j be y(8). Suppose j*v = 178 + 592. What is the units digit of v?
7
Suppose -2*h + 0*h + 108 = 0. What is the tens digit of h/(-81) - 424/(-6)?
7
Let g(u) = 44*u**3 - 2*u**2 + 11. What is the units digit of g(3)?
1
Let a(g) = g**3 + 4*g**2 - 5*g - 3. Suppose -4*h = -u - 2*h + 3, 5*h + 35 = -3*u. Let n be a(u). What is the tens digit of 1100/33 + (-2)/n?
3
Let v = 256 - -60. What is the hundreds digit of v?
3
Let t(o) = 5*o. Let j(k) = 11*k - 1. Let m = -15 - -18. Let i(p) = m*j(p) - 7*t(p). What is the units digit of i(-9)?
5
What is the tens digit of (2 - (-38)/(-6))*-207?
9
Suppose 0*p = -5*p + 895. What is the tens digit of p?
7
What is the units digit of 576 + 1 - (34 + -34)?
7
Let b(m) = m**3 - 8*m**2 + 9*m - 6. Let g be b(6). Let a be g/(-20)*20/6. Suppose 0 = 5*h - 5*y, -a*h + 10 = -h - y. What is the units digit of h?
5
Let l be (5 + -5)/(-1 - -2). Let q be 0/(l - (2 + 0)). Suppose -2*w + q*w + 38 = -5*a, 0 = 2*w - a - 46. What is the tens digit of w?
2
Suppose 0 = 5*o + 355 - 7230. What is the thousands digit of o?
1
Let v(d) = -71*d - 359. What is the units digit of v(-25)?
6
Suppose 0 = -4*m + 4*p + 41 - 5, m + 7 = -3*p. Let d be (m/15)/((-1)/3). Let t = d - -12. What is the units digit of t?
1
Let v(d) = 48*d + 111. Let t(j) = -7*j - 16. Let b(q) = -27*t(q) - 4*v(q). Let g be b(-6). Suppose g*k - k = 120. What is the units digit of k?
4
Suppose 5*o - 3*b - 333 = 2*o, 0 = 3*b + 12. Suppose -2*h + o = 4*d + d, -4*h + 196 = 4*d. What is the units digit of h?
6
Let v(d) = -d**2 - 41*d + 46. What is the tens digit of v(-27)?
2
Let d(l) be the second derivative of l**5/20 + 5*l**4/4 - l**3 - 15*l**2/2 + 6*l. What is the units digit of d(-15)?
5
Suppose -3*q + 677 = l, 8*q - l - 443 = 6*q. Suppose 5*s - 3*s = q. What is the hundreds digit of s?
1
Let q(n) = -2*n - 11. Let p be (-2)/(2 - 16/9). What is the units digit of q(p)?
7
Let d(f) = -5*f - 26. Let a be d(-6). Suppose a*w - 1120 = -0*w. What is the units digit of w?
0
Let u = -127 - -275. What is the hundreds digit of u?
1
Let x(h) = h**2 - 1. Let v be x(3). Suppose 0*g + 360 = v*g. What is the tens digit of g?
4
Suppose -2*w + 1 = -y, 3*y - 1 = 2*w - 4. Suppose w*l - 4 = -l. What is the tens digit of 330/24 + (-3)/l?
1
Let j = 26 + -26. Let l(x) = x**2 - x + 34. Let d be l(j). Suppose r - 22 - d = 0. What is the units digit of r?
6
Let v be 23/3 - (-4)/(-6). Suppose 71 - 50 = 7*c. Suppose v = -c*p + 10. What is the units digit of p?
1
Let p(c) = -3*c + 9. Let a(s) = -28*s + 90. Let o(x) = 42*x - 135. Let y(r) = -7*a(r) - 5*o(r). Let v(f) = -11*p(f) + 2*y(f). What is the units digit of v(6)?
1
Let m(c) = 8*c**2 + c + 1. Let d be m(-1). Let u(o) = -o + 13. Let p be u(d). Suppose 32 = t + 5*x, -6*x + 3*x = -p*t + 104. What is the units digit of t?
2
Let k(o) be the second derivative of -o**3 - 3*o**2 - 45*o - 2. Let r = -12 + 0. What is the tens digit of k(r)?
6
Let u be (2 - (-55)/(-25)) + 1498/(-10). What is the tens digit of (-1)/(-1) - -1 - (u - 5)?
5
Let b(c) = 11*c + 56. Let u be b(-6). What is the units digit of 1*-2 - (-10)/(u/(-191))?
9
Let g = -260 + 473. What is the units digit of g?
3
Let c(z) = 9*z - 10. Let m(s) = -14*s + 15. Let y(t) = -8*c(t) - 5*m(t). What is the units digit of y(-9)?
3
Suppose 38*v - 18 = 32*v. Suppose 0 = v*s - 0*s + 4*h - 909, 5*s - h = 1515. What is the hundreds digit of s?
3
Let y = -3 - -35. What is the units digit of y?
2
Let t = -3 + 4. Let a = t + 1. Suppose -5*r + 3 = -a. What is the units digit of r?
1
Let p = 243 - 140. What is the tens digit of p?
0
Let r(u) be the third derivative of -u**6/120 - u**5/30 - u**4/24 + 9*u**3 - 2*u**2. What is the units digit of r(0)?
4
Suppose -4 = -2*p, f - p + 5*p - 1566 = 0. What is the hundreds digit of f?
5
Let j(h) be the first derivative of h**3/3 + 9*h**2/2 + 5*h + 14. Let n(b) be the first derivative of j(b). What is the tens digit of n(5)?
1
Suppose 0 = -12*y + 8151 + 3213. What is the tens digit of y?
4
Suppose 0 = -11*f + 6*f. Suppose 180 = 3*k - f*k. What is the tens digit of k?
6
Let w = 207 - -469. What is the tens digit of w?
7
Suppose 7*y = 3*y - 4. Let i be 1146/6 - (2 - y). Suppose -3*o + 4*o = -5*b + i, 5*b = o + 182. What is the tens digit of b?
3
Suppose b + 1 + 3 = 0, 2*j = b + 4. Suppose -f + j*f = 34. Let v = f - -64. What is the tens digit of v?
3
Suppose 3 = 6*i - 5*i. Suppose -5*m - 32 = -i*y, 5*y - 2 = -2*m + 10. What is the tens digit of (-84)/m + 4/2?
2
Let r be ((-25)/(-10))/((-4)/(-8)). Suppose r*b = b. What is the units digit of (-2 - b)*5/(-1)?
0
Let p(o) = -o**2 + 16*o - 35. Let a be p(13). Suppose -4*s - a*u + 692 = 0, 5*s = -2*u + 461 + 404. What is the tens digit of s?
7
Let i(p) = 2*p**3 + 20*p**2 - 18*p - 9. What is the tens digit of i(-9)?
1
Suppose -14*x + 10*x + 396 = 0. What is the units digit of x?
9
Suppose a + 102 - 980 = 0. Suppose -20*m + 1182 = -a. What is the hundreds digit of m?
1
What is the thousands digit of (8 + (-15)/(-50)*238)*55?
4
Suppose -a + 2*n + 19 = -2*n, 0 = a + n + 1. Suppose 192 = 3*s + a*w, 2*s + 3*w - 130 = 2*w. What is the units digit of s?
6
Let z(r) = -3*r - 4. Let j be z(5). Let g = j - -20. Suppose 5*y + 4*s - 150 = 0, -5*s = 3*y - 4*y + g. What is the units digit of y?
6
Suppose 15 - 69 = -3*s + k, -k + 3 = 0. What is the tens digit of s?
1
Suppose 0 = -f + 4*g + 476, 2168 - 209 = 4*f - 5*g. What is the hundreds digit of f?
4
Let m be ((564/7 - 0) + 0)*7. Suppose 5*h + 29 = 9, -h = -5*a + m. What is the units digit of a?
2
Let u = 19 - 16. Let n be (-395)/(-60)*u*4. Suppose -3*o + a = -2*a - 63, -3*o + n = 5*a. What is the units digit of o?
3
Suppose 50 + 48 = -2*d. Let w = d + 80. What is the tens digit of w?
3
Let k = -91 + 23. Let x = 43 + k. What is the units digit of 3*(3 - 2) - x?
8
Let f be 2 - (-4)/(-8)*-2. Suppose 0 = 2*p - y + 3*y, 4*y = -3*p + f. Let s = 23 - p. What is the units digit of s?
6
Let v(j) be the first derivative of j**4/12 - j**3/3 + 6*j**2 + 12. Let d(u) be the second derivative of v(u). What is the tens digit of d(6)?
1
Suppose 9604 = -12*h + 40804. What is the thousands digit of h?
2
Suppose 217 = -r - 5*s, 2*r - 5*s + 35 = -474. Let v = -143 - r. What is the units digit of v?
9
Suppose -1 = -m - 11. What is the units digit of 335/m*(-2 - 0)?
7
Let u = 1636 - 733. What is the units digit of u?
3
Let d be 0/(-2) - (-17 + -29). Let g = d + 90. What is the tens digit of g?
3
Suppose z + 4*z - a - 325 = 0, 0 = -5*z + 4*a + 325. Suppose -l = -6*l + z. Let t = -11 + l. What is the units digit of t?
2
Let v(i) = i**3 + 5*i**2 + 3*i - 1. Let f be v(-4). Let d(s) = 17*s**3 - 30*s**3 - s - s**2 + 1 + 14*s**3. What is the units digit of d(f)?
6
Let h = 1322 - 784. What is the tens digit of h?
3
Suppose 2*g = b - 13, 4*b - 2 = -0*b - 2*g. Suppose -s - 2 = -3, 101 = b*l + 5*s. What is the units digit of l?
2
Let f(d) = -2*d**2